ivided by 975?
600
What is the remainder when 2361276277 is divided by 290?
287
What is the remainder when 3539355 is divided by 158?
155
What is the remainder when 218956 is divided by 3839?
133
What is the remainder when 340170 is divided by 99?
6
Calculate the remainder when 1046233 is divided by 24331.
0
What is the remainder when 82870 is divided by 9?
7
Calculate the remainder when 14202868 is divided by 2917.
2912
What is the remainder when 79771 is divided by 1265?
76
Calculate the remainder when 70341 is divided by 14057.
56
Calculate the remainder when 4439446 is divided by 1524.
34
What is the remainder when 745841 is divided by 11?
8
What is the remainder when 3008887 is divided by 1002939?
70
Calculate the remainder when 1029206 is divided by 1019.
16
Calculate the remainder when 84979 is divided by 30.
19
What is the remainder when 5620110 is divided by 1404989?
154
Calculate the remainder when 42333990 is divided by 37.
33
What is the remainder when 388627 is divided by 77722?
17
Calculate the remainder when 60984 is divided by 4062.
54
Calculate the remainder when 146687 is divided by 2583.
2039
Calculate the remainder when 295097875 is divided by 4620.
4615
What is the remainder when 118147 is divided by 305?
112
Calculate the remainder when 20531552 is divided by 540302.
76
What is the remainder when 71626 is divided by 1143?
760
Calculate the remainder when 2876938 is divided by 32.
10
What is the remainder when 3847476 is divided by 421?
378
What is the remainder when 2372449 is divided by 790808?
25
Calculate the remainder when 3535167 is divided by 8318.
17
Calculate the remainder when 42345679 is divided by 2143.
2142
Calculate the remainder when 212990 is divided by 4951.
97
What is the remainder when 14891 is divided by 12399?
2492
What is the remainder when 108322 is divided by 713?
659
Calculate the remainder when 43315062 is divided by 50899.
13
Calculate the remainder when 1004000 is divided by 711.
68
What is the remainder when 530560 is divided by 9488?
8720
What is the remainder when 2719963 is divided by 8?
3
Calculate the remainder when 329423 is divided by 21961.
8
What is the remainder when 195058 is divided by 49?
38
What is the remainder when 26121 is divided by 6521?
37
What is the remainder when 8574 is divided by 3617?
1340
What is the remainder when 637917 is divided by 70425?
4092
What is the remainder when 1632252 is divided by 408010?
212
What is the remainder when 393837 is divided by 4927?
4604
Calculate the remainder when 66595 is divided by 212.
27
What is the remainder when 3239892 is divided by 41?
31
Calculate the remainder when 53719 is divided by 17560.
1039
Calculate the remainder when 2949395 is divided by 20770.
55
What is the remainder when 87241071 is divided by 3035?
3031
Calculate the remainder when 1589517 is divided by 93501.
0
Calculate the remainder when 179079 is divided by 2459.
2031
What is the remainder when 1350906 is divided by 675452?
2
What is the remainder when 1273423 is divided by 31059?
4
What is the remainder when 2070194 is divided by 56?
42
Calculate the remainder when 675754 is divided by 337862.
30
What is the remainder when 251012 is divided by 35844?
104
What is the remainder when 1553772 is divided by 517923?
3
Calculate the remainder when 15616 is divided by 354.
40
What is the remainder when 80701965 is divided by 10?
5
Calculate the remainder when 101013 is divided by 33201.
1410
What is the remainder when 10132707 is divided by 7?
4
What is the remainder when 770 is divided by 489?
281
Calculate the remainder when 209435 is divided by 398.
87
What is the remainder when 20450 is divided by 833?
458
What is the remainder when 28000050 is divided by 3499987?
154
Calculate the remainder when 60914 is divided by 19826.
1436
What is the remainder when 340377 is divided by 11338?
237
Calculate the remainder when 1338023 is divided by 17.
4
Calculate the remainder when 120445 is divided by 59599.
1247
What is the remainder when 25852112 is divided by 3231511?
24
What is the remainder when 17398 is divided by 8643?
112
What is the remainder when 55729605 is divided by 4895?
30
What is the remainder when 8347408 is divided by 50?
8
Calculate the remainder when 1067373 is divided by 3535.
3338
Calculate the remainder when 162221874 is divided by 1091.
1084
Calculate the remainder when 144169408 is divided by 1347.
1345
Calculate the remainder when 331972 is divided by 5824.
4
Calculate the remainder when 51563 is divided by 133.
92
What is the remainder when 828281 is divided by 828129?
152
What is the remainder when 227886118 is divided by 42?
40
Calculate the remainder when 2801282 is divided by 1400638.
6
What is the remainder when 2832011 is divided by 283196?
51
Calculate the remainder when 6068419 is divided by 37.
12
Calculate the remainder when 3769044 is divided by 143.
136
Calculate the remainder when 5940884 is divided by 27632.
4
Calculate the remainder when 27651 is divided by 432.
3
Calculate the remainder when 12102890 is divided by 1728957.
191
Calculate the remainder when 223941109 is divided by 28.
21
Calculate the remainder when 91085599 is divided by 7205.
7194
What is the remainder when 3290442 is divided by 64?
10
What is the remainder when 4322862 is divided by 16?
14
What is the remainder when 92509 is divided by 133?
74
What is the remainder when 162666222 is divided by 135?
132
What is the remainder when 122854171 is divided by 1424?
1419
Calculate the remainder when 57184 is divided by 2884.
2388
What is the remainder when 548532 is divided by 22812?
1044
Calculate the remainder when 1010739 is divided by 14038.
3
Calculate the remainder when 2816515 is divided by 166.
159
Calculate the remainder when 60474460 is divided by 60474452.
8
Calculate the remainder when 5866847 is divided by 5803.
14
What is the remainder when 3509746 is divided by 512?
498
What is the remainder when 666416 is divided by 1325?
1266
What is the remainder when 37369 is divided by 6517?
4784
What is the remainder when 14385202 is divided by 523?
87
What is the remainder when 25667787 is divided by 10?
7
What is the remainder when 2035940 is divided by 24529?
33
Calculate the remainder when 25360734 is divided by 12680352.
30
What is the remainder when 1578240 is divided by 37576?
48
Calculate the remainder when 2897833 is divided by 2897729.
104
Calculate the remainder when 6115330 is divided by 404.
386
What is the remainder when 124497168 is divided by 43?
42
What is the remainder when 23134561 is divided by 64?
33
Calculate the remainder when 39889 is divided by 9936.
145
Calculate the remainder when 2749992894 is divided by 13328.
13326
Calculate the remainder when 230766617 is divided by 140.
137
Calculate the remainder when 8562185 is divided by 48.
41
What is the remainder when 57514500 is divided by 70?
50
What is the remainder when 52820 is divided by 11467?
6952
What is the remainder when 76453 is divided by 25313?
514
What is the remainder when 11407241 is divided by 32?
9
What is the remainder when 3677576 is divided by 20?
16
Calculate the remainder when 595398 is divided by 1654.
1612
What is the remainder when 199247 is divided by 28461?
20
What is the remainder when 1067644 is divided by 16946?
46
What is the remainder when 1532110 is divided by 45060?
70
What is the remainder when 336957 is divided by 337?
294
Calculate the remainder when 611751 is divided by 152922.
63
What is the remainder when 5987732 is divided by 97?
19
What is the remainder when 4355802 is divided by 594?
0
Calculate the remainder when 1028069 is divided by 2310.
119
What is the remainder when 4139510 is divided by 4139508?
2
Calculate the remainder when 1649557 is divided by 36.
1
Calculate the remainder when 2755555 is divided by 27015.
25
What is the remainder when 75935 is divided by 21096?
12647
What is the remainder when 64773 is divided by 86?
15
Calculate the remainder when 446802 is divided by 99.
15
Calculate the remainder when 12829743 is divided by 15742.
13
What is the remainder when 30072 is divided by 5905?
547
What is the remainder when 64322 is divided by 59096?
5226
Calculate the remainder when 93669267 is divided by 5203848.
3
What is the remainder when